{"id":5,"date":"2020-01-31T13:16:44","date_gmt":"2020-01-31T13:16:44","guid":{"rendered":"http:\/\/test.gymnasium-brandis.de\/?page_id=5"},"modified":"2020-01-31T13:16:44","modified_gmt":"2020-01-31T13:16:44","slug":"unser-leitbild","status":"publish","type":"page","link":"https:\/\/www.gymnasium-brandis.de\/wp\/?page_id=5","title":{"rendered":"Unser Leitbild"},"content":{"rendered":"\n<h3 class=\"has-text-align-center wp-block-heading\">Qualit\u00e4t und Professionalit\u00e4t<\/h3>\n\n\n\n<div class=\"wp-block-image\"><figure class=\"aligncenter size-large\"><img loading=\"lazy\" decoding=\"async\" width=\"600\" height=\"363\" src=\"https:\/\/test.gymnasium-brandis.de\/wp-content\/uploads\/2020\/01\/leitbild1.png\" alt=\"\" class=\"wp-image-13\" srcset=\"https:\/\/www.gymnasium-brandis.de\/wp\/wp-content\/uploads\/2020\/01\/leitbild1.png 600w, https:\/\/www.gymnasium-brandis.de\/wp\/wp-content\/uploads\/2020\/01\/leitbild1-300x182.png 300w\" sizes=\"auto, (max-width: 600px) 100vw, 600px\" \/><\/figure><\/div>\n\n\n\n<p>Wir gestalten einen Unterricht, der dem Erwerb von intelligentem inhaltlichen und anwendungsorientierten Wissen dient, welches handlungsorientiert, regional verankert und durch vielf\u00e4ltige au\u00dferschulische Kooperationsformen erworben wird. Zur Entwicklung von Methoden-, Lern- und Sozialkompetenz ber\u00fccksichtigen wir zunehmend st\u00e4rker die Perspektive und die wachsende Eigenverantwortung der Lernenden und machen den Prozess des Lernens st\u00e4rker zum Bildungsgegenstand. Gemeinsam schaffen wir einen Entwicklungs- und Erfahrungsraum f\u00fcr alle Lernenden und Lehrenden, in dem selbstorganisiertes und motiviertes Lernen m\u00f6glich wird. Dabei hat die Weiterentwicklung der Professionalit\u00e4t aller Lehrenden ein besonderes Gewicht.<\/p>\n\n\n\n<h3 class=\"wp-block-heading\">Werteorientierung<\/h3>\n\n\n\n<p>Wir f\u00f6rdern und fordern Lern- und Leistungsbereitschaft jedes Einzelnen in zunehmender Verantwortung f\u00fcr sich, die Gemeinschaft und die Umwelt. Unser Zusammenleben ist gepr\u00e4gt von gegenseitiger Achtung, Toleranz, Vertrauen und Zuverl\u00e4ssigkeit. Wir sch\u00fctzen die Schw\u00e4chen und nutzen die St\u00e4rken des Einzelnen f\u00fcr unsere Gemeinschaft.<\/p>\n\n\n\n<h3 class=\"wp-block-heading\">Offenheit<\/h3>\n\n\n\n<p>Wir \u00f6ffnen uns der Lebenswelt der Sch\u00fcler und \u00f6ffnen unseren Sch\u00fclern die Lebenswelt. Wir schaffen eine vertrauensvolle, offene Atmosph\u00e4re zwischen Lehrern, Sch\u00fclern und Eltern um gemeinsam zu handeln und Probleme zu l\u00f6sen. Wir legen Wert auf Transparenz.<\/p>\n\n\n\n<h3 class=\"wp-block-heading\">Identifikation<\/h3>\n\n\n\n<p>Wir alle &#8211; Lehrer, Sch\u00fcler, Eltern &#8211; tragen gemeinsam die Verantwortung f\u00fcr das Lernen, Lehren und Leben in der Schule. Wir verstehen unsere Schule als intellektuellen, sozialen und kulturellen Lebensraum den wir gemeinsam mit der Stadt Brandis, den umliegenden Gemeinden, Vereinen und Unternehmen der Region aktiv gestalten, entwickeln und sch\u00fctzen.<\/p>\n","protected":false},"excerpt":{"rendered":"<p>Qualit\u00e4t und Professionalit\u00e4t Wir gestalten einen Unterricht, der dem Erwerb von intelligentem inhaltlichen und anwendungsorientierten Wissen dient, welches handlungsorientiert, regional verankert und durch vielf\u00e4ltige au\u00dferschulische Kooperationsformen erworben wird. Zur Entwicklung von Methoden-, Lern- und Sozialkompetenz ber\u00fccksichtigen wir zunehmend st\u00e4rker die Perspektive und die wachsende Eigenverantwortung der Lernenden und machen den Prozess des Lernens st\u00e4rker zum <a class=\"more-link\" href=\"https:\/\/www.gymnasium-brandis.de\/wp\/?page_id=5\">weiterlesen&#8230;<\/a><\/p>\n","protected":false},"author":1,"featured_media":0,"parent":0,"menu_order":0,"comment_status":"closed","ping_status":"closed","template":"","meta":{"footnotes":""},"class_list":["post-5","page","type-page","status-publish","hentry"],"_links":{"self":[{"href":"https:\/\/www.gymnasium-brandis.de\/wp\/index.php?rest_route=\/wp\/v2\/pages\/5","targetHints":{"allow":["GET"]}}],"collection":[{"href":"https:\/\/www.gymnasium-brandis.de\/wp\/index.php?rest_route=\/wp\/v2\/pages"}],"about":[{"href":"https:\/\/www.gymnasium-brandis.de\/wp\/index.php?rest_route=\/wp\/v2\/types\/page"}],"author":[{"embeddable":true,"href":"https:\/\/www.gymnasium-brandis.de\/wp\/index.php?rest_route=\/wp\/v2\/users\/1"}],"replies":[{"embeddable":true,"href":"https:\/\/www.gymnasium-brandis.de\/wp\/index.php?rest_route=%2Fwp%2Fv2%2Fcomments&post=5"}],"version-history":[{"count":0,"href":"https:\/\/www.gymnasium-brandis.de\/wp\/index.php?rest_route=\/wp\/v2\/pages\/5\/revisions"}],"wp:attachment":[{"href":"https:\/\/www.gymnasium-brandis.de\/wp\/index.php?rest_route=%2Fwp%2Fv2%2Fmedia&parent=5"}],"curies":[{"name":"wp","href":"https:\/\/api.w.org\/{rel}","templated":true}]}}

<h3 class="has-text-align-center wp-block-heading">Qualität und Professionalität</h3>



<div class="wp-block-image"><figure class="aligncenter size-large"><img loading="lazy" decoding="async" width="600" height="363" src="https://test.gymnasium-brandis.de/wp-content/uploads/2020/01/leitbild1.png" alt="" class="wp-image-13" srcset="https://www.gymnasium-brandis.de/wp/wp-content/uploads/2020/01/leitbild1.png 600w, https://www.gymnasium-brandis.de/wp/wp-content/uploads/2020/01/leitbild1-300x182.png 300w" sizes="auto, (max-width: 600px) 100vw, 600px" /></figure></div>



<p>Wir gestalten einen Unterricht, der dem Erwerb von intelligentem inhaltlichen und anwendungsorientierten Wissen dient, welches handlungsorientiert, regional verankert und durch vielfältige außerschulische Kooperationsformen erworben wird. Zur Entwicklung von Methoden-, Lern- und Sozialkompetenz berücksichtigen wir zunehmend stärker die Perspektive und die wachsende Eigenverantwortung der Lernenden und machen den Prozess des Lernens stärker zum Bildungsgegenstand. Gemeinsam schaffen wir einen Entwicklungs- und Erfahrungsraum für alle Lernenden und Lehrenden, in dem selbstorganisiertes und motiviertes Lernen möglich wird. Dabei hat die Weiterentwicklung der Professionalität aller Lehrenden ein besonderes Gewicht.</p>



<h3 class="wp-block-heading">Werteorientierung</h3>



<p>Wir fördern und fordern Lern- und Leistungsbereitschaft jedes Einzelnen in zunehmender Verantwortung für sich, die Gemeinschaft und die Umwelt. Unser Zusammenleben ist geprägt von gegenseitiger Achtung, Toleranz, Vertrauen und Zuverlässigkeit. Wir schützen die Schwächen und nutzen die Stärken des Einzelnen für unsere Gemeinschaft.</p>



<h3 class="wp-block-heading">Offenheit</h3>



<p>Wir öffnen uns der Lebenswelt der Schüler und öffnen unseren Schülern die Lebenswelt. Wir schaffen eine vertrauensvolle, offene Atmosphäre zwischen Lehrern, Schülern und Eltern um gemeinsam zu handeln und Probleme zu lösen. Wir legen Wert auf Transparenz.</p>



<h3 class="wp-block-heading">Identifikation</h3>



<p>Wir alle &#8211; Lehrer, Schüler, Eltern &#8211; tragen gemeinsam die Verantwortung für das Lernen, Lehren und Leben in der Schule. Wir verstehen unsere Schule als intellektuellen, sozialen und kulturellen Lebensraum den wir gemeinsam mit der Stadt Brandis, den umliegenden Gemeinden, Vereinen und Unternehmen der Region aktiv gestalten, entwickeln und schützen.</p>

<p>Qualität und Professionalität Wir gestalten einen Unterricht, der dem Erwerb von intelligentem inhaltlichen und anwendungsorientierten Wissen dient, welches handlungsorientiert, regional verankert und durch vielfältige außerschulische Kooperationsformen erworben wird. Zur Entwicklung von Methoden-, Lern- und Sozialkompetenz berücksichtigen wir zunehmend stärker die Perspektive und die wachsende Eigenverantwortung der Lernenden und machen den Prozess des Lernens stärker zum <a class="more-link" href="https://www.gymnasium-brandis.de/wp/?page_id=5">weiterlesen&#8230;</a></p>
